{"id":351,"date":"2024-03-16T15:22:43","date_gmt":"2024-03-16T14:22:43","guid":{"rendered":"https:\/\/clinicasyntoma.com\/?page_id=351"},"modified":"2024-03-16T15:22:43","modified_gmt":"2024-03-16T14:22:43","slug":"politica-de-cookies","status":"publish","type":"page","link":"https:\/\/clinicasyntoma.com\/index.php\/politica-de-cookies\/","title":{"rendered":"Pol\u00edtica de Cookies"},"content":{"rendered":"<p>[et_pb_section fb_built=\u00bb1&#8243; theme_builder_area=\u00bbpost_content\u00bb _builder_version=\u00bb4.24.2&#8243; _module_preset=\u00bbdefault\u00bb][et_pb_row _builder_version=\u00bb4.24.2&#8243; _module_preset=\u00bbdefault\u00bb theme_builder_area=\u00bbpost_content\u00bb][et_pb_column _builder_version=\u00bb4.24.2&#8243; _module_preset=\u00bbdefault\u00bb type=\u00bb4_4&#8243; theme_builder_area=\u00bbpost_content\u00bb][et_pb_text _builder_version=\u00bb4.24.2&#8243; _module_preset=\u00bbdefault\u00bb theme_builder_area=\u00bbpost_content\u00bb hover_enabled=\u00bb0&#8243; sticky_enabled=\u00bb0&#8243;]<\/p>\n<h2><strong>Pol\u00edtica de Cookies<\/strong><\/h2>\n<p>\u00daltima actualizaci\u00f3n: 16 de marzo de 2024<\/p>\n<p>En GRUPO SYNTOMA ADL22, S.L.P, a trav\u00e9s de nuestro sitio web CLINICASYNTOMA.COM, utilizamos cookies para mejorar tu experiencia como usuario y ofrecer servicios personalizados. Este documento detalla el uso de cookies por nuestra parte y las opciones que tienes respecto a ellas.<\/p>\n<p><strong>\u00bfQu\u00e9 son las cookies?<\/strong><\/p>\n<p>Las cookies son peque\u00f1os archivos de texto que los sitios web pueden utilizar para hacer la experiencia del usuario m\u00e1s eficiente. La ley nos permite almacenar cookies en tu dispositivo si son estrictamente necesarias para el funcionamiento de este sitio. Para todos los dem\u00e1s tipos de cookies, necesitamos tu permiso.<\/p>\n<p><strong>\u00bfC\u00f3mo utilizamos las cookies?<\/strong><\/p>\n<p>Actualmente, utilizamos los siguientes tipos de cookies en nuestro sitio web:<\/p>\n<ol>\n<li>\n<p><strong>Cookie de consentimiento (<code>cookieyes-consent<\/code>)<\/strong><\/p>\n<ul>\n<li><strong>Dominio<\/strong>: clinicasyntoma.com<\/li>\n<li><strong>Duraci\u00f3n<\/strong>: 1 a\u00f1o<\/li>\n<li><strong>Descripci\u00f3n<\/strong>: CookieYes configura esta cookie para recordar las preferencias de consentimiento de los usuarios, de modo que se respeten en visitas subsiguientes a este sitio. No recopila ni almacena ninguna informaci\u00f3n personal sobre los visitantes del sitio.<\/li>\n<li><strong>Procedencia<\/strong>: cookieyes.com<\/li>\n<\/ul>\n<\/li>\n<li>\n<p><strong>Cookie de Google Recaptcha (<code>_GRECAPTCHA<\/code>)<\/strong><\/p>\n<ul>\n<li><strong>Dominio<\/strong>: <a target=\"_new\" href=\"http:\/\/www.google.com\/\" rel=\"noopener\">www.google.com<\/a><\/li>\n<li><strong>Duraci\u00f3n<\/strong>: 6 meses<\/li>\n<li><strong>Descripci\u00f3n<\/strong>: El servicio Google Recaptcha configura esta cookie para identificar bots y proteger el sitio web contra ataques de spam maliciosos.<\/li>\n<li><strong>Procedencia<\/strong>: google.com<\/li>\n<\/ul>\n<\/li>\n<\/ol>\n<p><strong>Tu elecci\u00f3n y control de cookies<\/strong><\/p>\n<p>Tienes el derecho de decidir si aceptas o rechazas las cookies. Puedes ejercer tus preferencias de cookies al acceder a nuestro [enlace de configuraci\u00f3n de cookies] en nuestro sitio web. Adem\u00e1s, la mayor\u00eda de los navegadores te permiten controlar las cookies a trav\u00e9s de sus ajustes de preferencia. Ten en cuenta que si eliges bloquear las cookies, es posible que no puedas acceder a ciertas partes de nuestro sitio web o que no puedas usar algunos de nuestros servicios.<\/p>\n<p>Para m\u00e1s informaci\u00f3n sobre c\u00f3mo gestionar y eliminar las cookies, visita internetcookies.org.<\/p>\n<p><strong>Cambios en la Pol\u00edtica de Cookies<\/strong><\/p>\n<p>Nos reservamos el derecho de modificar esta pol\u00edtica de cookies en cualquier momento. Cualquier cambio en esta pol\u00edtica ser\u00e1 efectivo tan pronto como se publique la versi\u00f3n actualizada en nuestro sitio web.<\/p>\n<p>Si tienes alguna pregunta sobre nuestra pol\u00edtica de cookies, por favor, cont\u00e1ctanos a trav\u00e9s de<\/p>\n<p>[\/et_pb_text][\/et_pb_column][\/et_pb_row][\/et_pb_section]<\/p>\n","protected":false},"excerpt":{"rendered":"<p>Pol\u00edtica de Cookies \u00daltima actualizaci\u00f3n: 16 de marzo de 2024 En GRUPO SYNTOMA ADL22, S.L.P, a trav\u00e9s de nuestro sitio web CLINICASYNTOMA.COM, utilizamos cookies para mejorar tu experiencia como usuario y ofrecer servicios personalizados. Este documento detalla el uso de cookies por nuestra parte y las opciones que tienes respecto a ellas. \u00bfQu\u00e9 son las [&hellip;]<\/p>\n","protected":false},"author":1,"featured_media":0,"parent":0,"menu_order":0,"comment_status":"closed","ping_status":"closed","template":"","meta":{"_et_pb_use_builder":"on","_et_pb_old_content":"","_et_gb_content_width":"","footnotes":""},"_links":{"self":[{"href":"https:\/\/clinicasyntoma.com\/index.php\/wp-json\/wp\/v2\/pages\/351"}],"collection":[{"href":"https:\/\/clinicasyntoma.com\/index.php\/wp-json\/wp\/v2\/pages"}],"about":[{"href":"https:\/\/clinicasyntoma.com\/index.php\/wp-json\/wp\/v2\/types\/page"}],"author":[{"embeddable":true,"href":"https:\/\/clinicasyntoma.com\/index.php\/wp-json\/wp\/v2\/users\/1"}],"replies":[{"embeddable":true,"href":"https:\/\/clinicasyntoma.com\/index.php\/wp-json\/wp\/v2\/comments?post=351"}],"version-history":[{"count":2,"href":"https:\/\/clinicasyntoma.com\/index.php\/wp-json\/wp\/v2\/pages\/351\/revisions"}],"predecessor-version":[{"id":353,"href":"https:\/\/clinicasyntoma.com\/index.php\/wp-json\/wp\/v2\/pages\/351\/revisions\/353"}],"wp:attachment":[{"href":"https:\/\/clinicasyntoma.com\/index.php\/wp-json\/wp\/v2\/media?parent=351"}],"curies":[{"name":"wp","href":"https:\/\/api.w.org\/{rel}","templated":true}]}}